{"version":"1.0","provider_name":"Rac\u00f3 de la calma","provider_url":"https:\/\/racodelacalma.com\/inici\/es","author_name":"admin","author_url":"https:\/\/racodelacalma.com\/inici\/es\/author\/admin\/","title":"Blog - Rac\u00f3 de la calma","type":"rich","width":600,"height":338,"html":"<blockquote class=\"wp-embedded-content\" data-secret=\"Gt9O2t9QZA\"><a href=\"https:\/\/racodelacalma.com\/inici\/es\/blog\/\">Blog<\/a><\/blockquote><iframe sandbox=\"allow-scripts\" security=\"restricted\" src=\"https:\/\/racodelacalma.com\/inici\/es\/blog\/embed\/#?secret=Gt9O2t9QZA\" width=\"600\" height=\"338\" title=\"\u00abBlog\u00bb \u2014 Rac\u00f3 de la calma\" data-secret=\"Gt9O2t9QZA\" frameborder=\"0\" marginwidth=\"0\" marginheight=\"0\" scrolling=\"no\" class=\"wp-embedded-content\"><\/iframe><script>\n\/*! This file is auto-generated *\/\n!function(d,l){\"use strict\";l.querySelector&&d.addEventListener&&\"undefined\"!=typeof URL&&(d.wp=d.wp||{},d.wp.receiveEmbedMessage||(d.wp.receiveEmbedMessage=function(e){var t=e.data;if((t||t.secret||t.message||t.value)&&!\/[^a-zA-Z0-9]\/.test(t.secret)){for(var s,r,n,a=l.querySelectorAll('iframe[data-secret=\"'+t.secret+'\"]'),o=l.querySelectorAll('blockquote[data-secret=\"'+t.secret+'\"]'),c=new RegExp(\"^https?:$\",\"i\"),i=0;i<o.length;i++)o[i].style.display=\"none\";for(i=0;i<a.length;i++)s=a[i],e.source===s.contentWindow&&(s.removeAttribute(\"style\"),\"height\"===t.message?(1e3<(r=parseInt(t.value,10))?r=1e3:~~r<200&&(r=200),s.height=r):\"link\"===t.message&&(r=new URL(s.getAttribute(\"src\")),n=new URL(t.value),c.test(n.protocol))&&n.host===r.host&&l.activeElement===s&&(d.top.location.href=t.value))}},d.addEventListener(\"message\",d.wp.receiveEmbedMessage,!1),l.addEventListener(\"DOMContentLoaded\",function(){for(var e,t,s=l.querySelectorAll(\"iframe.wp-embedded-content\"),r=0;r<s.length;r++)(t=(e=s[r]).getAttribute(\"data-secret\"))||(t=Math.random().toString(36).substring(2,12),e.src+=\"#?secret=\"+t,e.setAttribute(\"data-secret\",t)),e.contentWindow.postMessage({message:\"ready\",secret:t},\"*\")},!1)))}(window,document);\n\/\/# sourceURL=https:\/\/racodelacalma.com\/wp-includes\/js\/wp-embed.min.js\n<\/script>","description":"Un espai per comprendre i acompanyar amb consci\u00e8ncia El blog de Rac\u00f3 de la Calma neix com un espai de reflexi\u00f3 i aprenentatge compartit al voltant de l\u2019educaci\u00f3 emocional i la neurodiversitat.\u00a0Aqu\u00ed trobar\u00e0s articles pensats per a docents, professionals de l\u2019educaci\u00f3 i fam\u00edlies que volen aprofundir en la comprensi\u00f3 dels infants: el seu m\u00f3n emocional, [&hellip;]","thumbnail_url":"https:\/\/racodelacalma.com\/wp-content\/uploads\/2025\/05\/g9dd1bd164a053eeea5b687e940961e95834bb6e5da5ee29a285ccffcb0388b6fcbfbbda397b1dafab35b7cf1a7d8e48e4eb35fe310daf0fe53d11b6f36459aeb_1280-4752642.jpg","thumbnail_width":1280,"thumbnail_height":854}

Racó de la calma

Blog - Racó de la calma

<blockquote class="wp-embedded-content" data-secret="Gt9O2t9QZA"><a href="https://racodelacalma.com/inici/es/blog/">Blog</a></blockquote><iframe sandbox="allow-scripts" security="restricted" src="https://racodelacalma.com/inici/es/blog/embed/#?secret=Gt9O2t9QZA" width="600" height="338" title="«Blog» — Racó de la calma" data-secret="Gt9O2t9QZA" frameborder="0" marginwidth="0" marginheight="0" scrolling="no" class="wp-embedded-content"></iframe><script>
/*! This file is auto-generated */
!function(d,l){"use strict";l.querySelector&&d.addEventListener&&"undefined"!=typeof URL&&(d.wp=d.wp||{},d.wp.receiveEmbedMessage||(d.wp.receiveEmbedMessage=function(e){var t=e.data;if((t||t.secret||t.message||t.value)&&!/[^a-zA-Z0-9]/.test(t.secret)){for(var s,r,n,a=l.querySelectorAll('iframe[data-secret="'+t.secret+'"]'),o=l.querySelectorAll('blockquote[data-secret="'+t.secret+'"]'),c=new RegExp("^https?:$","i"),i=0;i<o.length;i++)o[i].style.display="none";for(i=0;i<a.length;i++)s=a[i],e.source===s.contentWindow&&(s.removeAttribute("style"),"height"===t.message?(1e3<(r=parseInt(t.value,10))?r=1e3:~~r<200&&(r=200),s.height=r):"link"===t.message&&(r=new URL(s.getAttribute("src")),n=new URL(t.value),c.test(n.protocol))&&n.host===r.host&&l.activeElement===s&&(d.top.location.href=t.value))}},d.addEventListener("message",d.wp.receiveEmbedMessage,!1),l.addEventListener("DOMContentLoaded",function(){for(var e,t,s=l.querySelectorAll("iframe.wp-embedded-content"),r=0;r<s.length;r++)(t=(e=s[r]).getAttribute("data-secret"))||(t=Math.random().toString(36).substring(2,12),e.src+="#?secret="+t,e.setAttribute("data-secret",t)),e.contentWindow.postMessage({message:"ready",secret:t},"*")},!1)))}(window,document);
//# sourceURL=https://racodelacalma.com/wp-includes/js/wp-embed.min.js
</script>

Un espai per comprendre i acompanyar amb consciència El blog de Racó de la Calma neix com un espai de reflexió i aprenentatge compartit al voltant de l’educació emocional i la neurodiversitat. Aquí trobaràs articles pensats per a docents, professionals de l’educació i famílies que volen aprofundir en la comprensió dels infants: el seu món emocional, [&hellip;]
